inder when 36 is divided by l?
15
Suppose 5*m + 0*m + q - 1140 = 0, -2*m + 3*q = -456. What is the remainder when m is divided by 46?
44
Let n(d) = -d**3 - 10*d**2 - 3*d - 5. Suppose 0 = h + 2*j + 8, 2*j = 3*h + 4 - 12. Calculate the remainder when n(-10) is divided by (36/2)/2 - h.
7
Let a(s) = s**2 + 14*s - 2. Calculate the remainder when a(7) is divided by 37.
34
Suppose -4*i + 3*z = -214, i + 0*z - 50 = -z. Calculate the remainder when i is divided by 11.
8
Suppose -314 = -4*p + 3*j, 2*p - 87 = p + 5*j. What is the remainder when p is divided by 26?
25
Let d(y) = y**3 - 15*y**2 + 14*y + 11. Calculate the remainder when 43 is divided by d(14).
10
Suppose 5*k - 11 + 1 = -s, 3*k - 6 = -2*s. Let p = 3 - s. Let c = p - -4. What is the remainder when c is divided by 3?
1
Suppose o - 3*q - 28 = 2*q, o = q + 28. What is the remainder when o is divided by 10?
8
What is the remainder when 5 is divided by 2/(-4) - (-21)/6?
2
Let c = 9 - -30. Let d = -8 + c. Calculate the remainder when d is divided by 16.
15
Calculate the remainder when (9/6 - 10/5)*-22 is divided by 8.
3
Suppose 4 = 3*w - 11. Suppose w*h + y = 5*y + 52, -5*y + 17 = 4*h. What is the remainder when 3/2*(-116)/(-6) is divided by h?
5
Suppose -6*m + 6 = -3*m. Suppose -2*l + 56 = m*l. Calculate the remainder when l is divided by 8.
6
Suppose -2*b + 30 = 3*b - z, -z - 5 = 0. Calculate the remainder when (4 + (-42)/4)/((-2)/4) is divided by b.
3
What is the remainder when 13 is divided by (-2)/1 + (4 - -6)?
5
Let f(q) = q**2 - 6*q. Let s(w) = -w**2 + 5*w + 1. Let h(j) = -2*f(j) - 3*s(j). What is the remainder when h(-3) is divided by 4?
3
Calculate the remainder when 36 is divided by 32/2 - (2 + 1).
10
Let m(b) = -b**3 - 5*b**2 + b + 7. Let l be m(-5). Suppose 0*x - l*x = -30. Suppose -4*v + 2*v = -84. What is the remainder when v is divided by x?
12
Suppose -5*c - 2*a + 36 + 28 = 0, 0 = c + 3*a - 5. Let h = 78 + -39. What is the remainder when h is divided by c?
11
Suppose -4*u + 2*u + 16 = 0. Suppose u = -2*z + z. Calculate the remainder when 2/8 - 38/z is divided by 2.
1
Calculate the remainder when 61 is divided by 8*(-2 + 3 - -1).
13
Let p(l) = l**2 + 8*l + 10. Suppose 5*j + 14 = -2*y, -y = -2*j - 10 - 1. Suppose -5 = m + y. Calculate the remainder when p(m) is divided by 6.
4
Suppose 31 - 246 = -5*l. Suppose 4*v - 21 = 5*v. Let g = l + v. Calculate the remainder when g is divided by 6.
4
Suppose 4*x - 19 + 6 = -q, -2*x + 11 = 5*q. Suppose 0 = x*j - 5 - 4. Calculate the remainder when 5 is divided by j.
2
Suppose 4*n + 13 = 45. What is the remainder when 31 is divided by n?
7
Let w(a) = 6*a + 1. What is the remainder when w(1) is divided by 6?
1
Suppose -6*b + 3*b + 17 = -5*f, f = -5*b + 19. What is the remainder when (-3)/1 + 1*14 is divided by b?
3
Let g(d) = -3*d - 12. Let m be (-3 + -2)/((-3)/3). Suppose o - 37 = 4*u, -8*o + 5*o - m*u + 43 = 0. Calculate the remainder when o is divided by g(-8).
9
Let q be (-22)/(-4)*2 - 2. Let s = q + -4. Let a = -23 - -37. Calculate the remainder when a is divided by s.
4
Let i(n) = -n + 95. Let l = 96 + -72. Calculate the remainder when i(0) is divided by l.
23
Suppose -n + 4*r + 51 = 0, -r - 3 = -0*r. Calculate the remainder when n is divided by 14.
11
Let f = 220 - 131. Suppose 3*h - 2*v + 5*v - 147 = 0, 0 = 2*h + 5*v - f. Let x = 73 - h. Calculate the remainder when 62 is divided by x.
20
Let d(i) = i**3 - 4*i**2 - 5*i + 5. Let y be d(5). Calculate the remainder when y/(-5) - (-62)/1 is divided by 16.
13
Let u(n) = -2*n**2 + 2. Let t be u(-3). Let x(c) = -5*c + 1. Calculate the remainder when t/40 - (-314)/10 is divided by x(-3).
15
Let o be (-8)/(-10) - (-3)/15. Let y(n) = 50*n**2 + 3*n - 2. What is the remainder when y(o) is divided by 18?
15
Suppose 51 = -2*k + 5*k. What is the remainder when k is divided by 2?
1
Suppose -3*q = 4*l - 273, -6*l - 4*q + 124 = -4*l. Calculate the remainder when l is divided by 15.
12
What is the remainder when 61 is divided by (9 + -5)/(2/8)?
13
Suppose -t = -3, b - t - 4 - 5 = 0. What is the remainder when 34 is divided by b?
10
Let s = -14 - -17. Suppose 2*z - s*z - 4*a + 30 = 0, 5*z - a - 108 = 0. What is the remainder when 64 is divided by z?
20
Suppose 6*m - 22 - 14 = 0. Calculate the remainder when (-3)/m - 159/(-6) is divided by 14.
12
Suppose 3*y = 10 + 5. Suppose y*o - 17 = 8, p + 5*o + 5 = 0. Let z = -10 - p. Calculate the remainder when z is divided by 11.
9
Let b(w) = 38*w**3 - w**2 + 1. Calculate the remainder when b(1) is divided by 10.
8
Suppose n = -n + 94. Calculate the remainder when n is divided by ((-50)/(-2))/1 + -1.
23
What is the remainder when 26 is divided by (-2 - 0)*(5 - 10)?
6
Let u(l) = -l**3 + l**2 + 5*l + 1. What is the remainder when 86 is divided by u(-3)?
20
Suppose -2*w = 4*g - 182 + 72, 2*g = 3*w - 149. Suppose w = 3*x + 3*d, -x - d + 3*d = -17. What is the remainder when x is divided by 4?
1
Let p(a) = -4*a + 1. Let t be p(1). Let n(h) = h**2 - 3*h - 1. What is the remainder when n(t) is divided by 6?
5
Let w be (-6)/(-27) + (-4)/18. Calculate the remainder when 23 is divided by ((23 - -3) + w)/2.
10
Suppose 4*s - 249 = -3*j, -4*s + 112 = 5*j - 135. What is the remainder when s is divided by 16?
15
Let f(p) = p**3 + 5*p**2 + 1. Calculate the remainder when f(-4) is divided by (9 - 0)*(3 + -2).
8
Let b = -5 - -34. Let a = 54 - b. Let u = -12 - -21. What is the remainder when a is divided by u?
7
Let x(c) = 4*c**2 + c + 1. Suppose 5*f = 3*f + 6. Let u(g) = -g**2 - g + 1. Let r(l) = f*u(l) + x(l). Calculate the remainder when 34 is divided by r(4).
10
Let x(j) = -2*j - 2*j**2 + 7*j**3 - 1 - 6*j**3 - 29*j**3. Suppose 62 = 5*l - 8. What is the remainder when x(-1) is divided by l?
13
Suppose 20*d - 123 = 17*d. What is the remainder when d is divided by 15?
11
Let t(s) = s**3 + 5*s**2 - 4. Let d be (-2 + 1)*24/6. Let f(i) = 4*i**2 + 4*i - 3. Calculate the remainder when f(3) is divided by t(d).
9
Suppose -q - q + 108 = 0. Calculate the remainder when q is divided by 2/((-3 + 0)/(-21)).
12
Let h = 56 + -40. Let l(d) = 56*d**2 + 9*d - 2. What is the remainder when l(1) is divided by h?
15
Let c(w) = w - 3. Let x be c(7). What is the remainder when 69 is divided by 4/16 - (-55)/x?
13
Let x = -8 - -22. What is the remainder when 21 is divided by x?
7
Let a(s) = 42*s**3 - 2*s**2 - s + 1. What is the remainder when 78 is divided by a(1)?
38
Let x = 11 - 4. Suppose -2*g = -x*c + 3*c - 36, 0 = -4*c - 4. What is the remainder when 29 is divided by g?
13
Let c = -8 - -12. Let i = -12 - -7. Let r = i + 7. What is the remainder when c is divided by r?
0
Let x = 17 + -8. What is the remainder when 34 is divided by x?
7
Let o(a) = a**2 + 8*a + 10. Let d be o(7). Suppose 0*s + d = 5*s. What is the remainder when s is divided by 8?
7
Let n = -13 + 8. Let l = n + 9. Calculate the remainder when 6 is divided by l.
2
Suppose 8 = 4*o - f - 17, 0 = 2*o - 5*f + 1. Let k = 48 - 29. What is the remainder when k is divided by o?
5
Let u = 12 - 18. Let y(t) = 11*t**2 + 7*t + 25. Let q(k) = -5*k**2 - 3*k - 12. Let j(b) = 13*q(b) + 6*y(b). What is the remainder when 35 is divided by j(u)?
11
Let d = 105 + -50. Suppose 3*f - 11 = d. Let n = -9 + f. What is the remainder when n is divided by 7?
6
Suppose 6*x - 4*x = 4*z - 6, 6 = x + z. Suppose 31 - 10 = x*c. Calculate the remainder when 12 is divided by c.
5
Let l = -363 - -227. Let v = l + 90. Calculate the remainder when (v/6)/(4/(-12)) is divided by 8.
7
Suppose 5*l + 2 = -0*l - j, -4 = -2*l + 2*j. Suppose 0*s + 5*s - 55 = l. What is the remainder when 42 is divided by s?
9
Suppose -h = -4 - 8. What is the remainder when 21 is divided by h?
9
Suppose -5*i + 26 = 4*z, 4*z - i = 16 - 2. Suppose -4*x = -5*x + z, -2 = 2*u - 4*x. What is the remainder when 1/1 + 17 - -1 is divided by u?
5
Calculate the remainder when 42 is divided by 160/15 - (-2)/6.
9
Let v = -35 + 58. Calculate the remainder when v is divided by 12.
11
Suppose -t = -f - 0 + 2, -2*t - 3 = -f. Let k(u) = 25*u - 1. Let b(p) = 2*p - 5. What is the remainder when k(f) is divided by b(9)?
11
Let b be (-2 - -1)/((-3)/(-3)). Let h = -2 + b. Calculate the remainder when 5 is divided by (2/(-3))/(1/h).
1
Let t(q) = 9*q + 3. Let i = -18 + 11. Calculate the remainder when t(3) is divided by (-114)